{"id":22,"date":"2024-09-03T04:58:28","date_gmt":"2024-09-03T04:58:28","guid":{"rendered":"https:\/\/seanodalaigh.com\/?page_id=22"},"modified":"2025-11-28T12:08:40","modified_gmt":"2025-11-28T12:08:40","slug":"sean-o-dalaigh","status":"publish","type":"page","link":"https:\/\/seanodalaigh.com\/?page_id=22","title":{"rendered":"bio"},"content":{"rendered":"\n<figure class=\"wp-block-image size-large is-resized\"><img loading=\"lazy\" decoding=\"async\" width=\"768\" height=\"1024\" src=\"https:\/\/seanodalaigh.com\/wp-content\/uploads\/2025\/11\/suburbia-768x1024.jpg\" alt=\"\" class=\"wp-image-158\" style=\"width:330px;height:auto\" srcset=\"https:\/\/seanodalaigh.com\/wp-content\/uploads\/2025\/11\/suburbia-768x1024.jpg 768w, https:\/\/seanodalaigh.com\/wp-content\/uploads\/2025\/11\/suburbia-225x300.jpg 225w, https:\/\/seanodalaigh.com\/wp-content\/uploads\/2025\/11\/suburbia-1152x1536.jpg 1152w, https:\/\/seanodalaigh.com\/wp-content\/uploads\/2025\/11\/suburbia.jpg 1200w\" sizes=\"auto, (max-width: 768px) 100vw, 768px\" \/><\/figure>\n\n\n\n<p class=\"has-small-font-size\" style=\"border-style:none;border-width:0px;padding-top:0;padding-bottom:0\">photo by Jessica Dore<\/p>\n\n\n\n<p>Se\u00e1n \u00d3 D\u00e1laigh is a composer and performer from Kerry, Ireland. His music centers on the materiality of instruments, the physicality of sound performance, and the acoustics of the performance space. He composes primarily solo, chamber and orchestral music for acoustic and electro-acoustic ensembles. His work in music technology includes fixed-media and computer-assisted composition, and he is fluent in multiple music coding and production environments. His fixed-media works range from mono settings to diffusion over multi-channel systems such as ambisonics. He often works as a composer and sound designer for experimental theatre and dance. In recent times, his compositions depart from transcription across field recording, Irish traditional music, and medieval and Renaissance manuscripts.<\/p>\n\n\n\n<p>He has worked closely with musicians, groups, and ensembles including Marco Fusi, Ensemble Adapter, Ensemble Dal Niente, Carolina Santiago, Seth Parker Woods, Ensemble Linea, Alice Purton, Ensemble Distractfold, Richard Craig, Yumi Suehiro, Ensemble Schallfeld, Ensemble Musikfabrik, Nina Guo, The Irish National Symphony Orchestra, The Fidelio Trio, Darragh Morgan, The Asko|Sch\u00f6nberg Ensemble, The Nieuw Ensemble, The Crash Ensemble, Kirkos Ensemble, Z\u00f6llner-Roche Duo, Zafraan Ensemble, Meitar Ensemble, Kukuruz Quartet, Retro Disco and Maya Gaynor, among others. His music has been programmed at festivals such as the MISE-EN Festival (USA), Gaudeamus (NL), Mixtur (ES), and Music Currents (IE). Se\u00e1n\u2019s scholarly work has been published in the journal Riffs: Experimental Writing on Popular Music.&nbsp;<\/p>\n\n\n\n<p>He is currently finishing his doctoral degree in Composition at Stanford University\u2019s Department of Music and the Center for Computer Research in Music and Acoustics (CCRMA). He participated in the Ivy Plus Program at Harvard University\u2019s Department of Composition in 2024, under the guidance of Professors Chaya Czernowin and Steven Takasugi. Se\u00e1n holds a Bachelor of Music from the CIT Cork School of Music and a Master\u2019s in Composition from the Conservatorium van Amsterdam. He has also completed the One-Year Program in Sonology in The Hague. Before joining Stanford\u2019s Music Department, Se\u00e1n worked as a Lecturer on the Fine Art, Photography, Film, and Video program at the Limerick Institute for Art and Design.&nbsp;<\/p>\n\n\n\n<figure class=\"wp-block-image size-large is-resized\"><img loading=\"lazy\" decoding=\"async\" width=\"1024\" height=\"81\" src=\"https:\/\/seanodalaigh.com\/wp-content\/uploads\/2025\/10\/Screenshot-2025-10-30-at-07.28.26-1024x81.png\" alt=\"\" class=\"wp-image-143\" style=\"width:253px;height:auto\" srcset=\"https:\/\/seanodalaigh.com\/wp-content\/uploads\/2025\/10\/Screenshot-2025-10-30-at-07.28.26-1024x81.png 1024w, https:\/\/seanodalaigh.com\/wp-content\/uploads\/2025\/10\/Screenshot-2025-10-30-at-07.28.26-300x24.png 300w, https:\/\/seanodalaigh.com\/wp-content\/uploads\/2025\/10\/Screenshot-2025-10-30-at-07.28.26-768x61.png 768w, https:\/\/seanodalaigh.com\/wp-content\/uploads\/2025\/10\/Screenshot-2025-10-30-at-07.28.26.png 1468w\" sizes=\"auto, (max-width: 1024px) 100vw, 1024px\" \/><\/figure>\n\n\n\n<p><\/p>\n","protected":false},"excerpt":{"rendered":"<p>photo by Jessica Dore Se\u00e1n \u00d3 D\u00e1laigh is a composer and performer from Kerry, Ireland. His music centers on the materiality of instruments, the physicality of sound performance, and the acoustics of the performance space. He composes primarily solo, chamber and orchestral music for acoustic and electro-acoustic ensembles. His work in music technology includes fixed-media [&hellip;]<\/p>\n","protected":false},"author":1,"featured_media":0,"parent":0,"menu_order":0,"comment_status":"closed","ping_status":"closed","template":"","meta":{"footnotes":""},"class_list":["post-22","page","type-page","status-publish","hentry"],"_links":{"self":[{"href":"https:\/\/seanodalaigh.com\/index.php?rest_route=\/wp\/v2\/pages\/22","targetHints":{"allow":["GET"]}}],"collection":[{"href":"https:\/\/seanodalaigh.com\/index.php?rest_route=\/wp\/v2\/pages"}],"about":[{"href":"https:\/\/seanodalaigh.com\/index.php?rest_route=\/wp\/v2\/types\/page"}],"author":[{"embeddable":true,"href":"https:\/\/seanodalaigh.com\/index.php?rest_route=\/wp\/v2\/users\/1"}],"replies":[{"embeddable":true,"href":"https:\/\/seanodalaigh.com\/index.php?rest_route=%2Fwp%2Fv2%2Fcomments&post=22"}],"version-history":[{"count":17,"href":"https:\/\/seanodalaigh.com\/index.php?rest_route=\/wp\/v2\/pages\/22\/revisions"}],"predecessor-version":[{"id":162,"href":"https:\/\/seanodalaigh.com\/index.php?rest_route=\/wp\/v2\/pages\/22\/revisions\/162"}],"wp:attachment":[{"href":"https:\/\/seanodalaigh.com\/index.php?rest_route=%2Fwp%2Fv2%2Fmedia&parent=22"}],"curies":[{"name":"wp","href":"https:\/\/api.w.org\/{rel}","templated":true}]}}